238. Is y a composite number?
True
Let m(c) = 190*c - 167. Is m(9) composite?
False
Let f(g) = 2*g - 8. Let b be f(7). Let m(x) = -x. Let l(z) = -25*z - 11. Let r(h) = -l(h) + 2*m(h). Is r(b) a prime number?
True
Suppose 0 = -0*g + 3*g - 2*p - 351, -g + 117 = 3*p. Let a(m) = 7*m + 19. Let o be a(9). Let z = g - o. Is z composite?
True
Let w(s) = -66*s + 17. Let a be w(4). Let j = a + 2008. Is j a prime number?
False
Suppose 5*h + 599925 = 3*d, 0 = 4*h - 5*d + 189762 + 290165. Is (-6)/21 - h/28 composite?
True
Let k = -17 + 22. Suppose -4*a = 5*l - 33, 0 = l - k*a + 3*a - 1. Is 116 + (-4 + l)*-1 composite?
True
Let g(w) = w**3 + 12*w**2 - 16*w + 26. Let a be g(-13). Let j(o) = -o**2 - 2*o + 8. Let v be j(-6). Let h = a + v. Is h a composite number?
True
Let y be 2/(-6) + 38300/6. Let k = 144 + -138. Suppose k*r = y + 271. Is r prime?
True
Let z(l) = 20*l**3 + 10*l**2 + 14*l - 29. Is z(11) prime?
False
Is ((-9062)/3)/((-36)/54) a composite number?
True
Is -5 + 0 - (-19)/(76/672) composite?
False
Let o(c) = -c**2 - c. Let b(w) = 3*w**2 - 3*w - 3. Let l(x) = b(x) + 4*o(x). Let d be l(-6). Is 3 + -6*(-8)/d composite?
False
Let u(i) = 64*i - 2. Let y be u(1). Let j = 147 - y. Let t = 324 + j. Is t prime?
True
Let s(j) = -4*j**3 - 18*j**2 - 7*j + 25. Let o be s(-19). Suppose -9*v - 4527 + o = 0. Is v a composite number?
True
Suppose 91 = b - 30. Let z = -62 + b. Is z composite?
False
Let f(n) = -n**3 + 17*n**2 + 11*n - 27. Let i be f(13). Suppose -4*t = -2*c - 2*c + i, -5*c + 993 = -2*t. Is c a prime number?
True
Suppose t - 1 = 4*g - 17, -3*g = -6. Is 2*-1049*4/t a prime number?
True
Let k = 1834 - 3622. Let b = -750 - k. Let w = b + -719. Is w a composite number?
True
Let i(g) = g**2 - g + 3. Suppose 1 = -2*s - q, 4 = -3*s - 0*s - 4*q. Let r be i(s). Suppose -1071 = -4*j - 2*h + h, -r*h + 1077 = 4*j. Is j a composite number?
True
Suppose -115 = 5*j - 3500. Let c = -455 + j. Let z = c - 116. Is z prime?
False
Let m = 11 + -9. Suppose -m*p + 56 = 2*p. Suppose -q - 4*v + p = 0, 0 = -5*q + 3*v + 11 + 36. Is q composite?
True
Let i(a) = -5*a**2 + 4*a + 3. Let y be i(-1). Let q(m) = 21*m**2 + 7*m - 5. Is q(y) composite?
False
Let a = 249674 + -175107. Is a composite?
False
Let y(d) = 279*d - 48. Is y(3) composite?
True
Let p(u) = 2*u**3 + 2*u**2 - 9*u + 20. Let x(k) = -k**2 + 14*k - 36. Let g be x(9). Is p(g) composite?
False
Suppose -2*f - 38 = -2*g + f, 0 = 4*f. Suppose n = -2*n + 2*j + 57, 0 = n + 4*j - g. Is n a prime number?
True
Let z be (60640/48)/((-2)/(-3)). Suppose -6*s + s + z = 0. Is s prime?
True
Suppose -5*d + 1193 = 2*o, 5*o - d = o + 2353. Let n = o - -1848. Is n a composite number?
False
Let g(d) = 401*d**2 - 9*d + 53. Is g(5) prime?
False
Let y(n) = 21904*n + 237. Is y(4) prime?
True
Let y = 4 - 1. Let n(z) = 3*z**2 + 2*z - 43. Let u be n(7). Suppose -y*w + u = -173. Is w prime?
True
Let d = -28 + 28. Suppose 4 = -2*h - d*h. Is ((-21)/14)/(h/124) composite?
True
Let b(w) = 11 - 1 - 10*w + 9 + 3. Let d be (-2 + 2 - 3)*6. Is b(d) a composite number?
True
Let n(f) = 29*f - 1 - 4 + 4. Let y be n(4). Let m = 62 + y. Is m prime?
False
Suppose -t + 2 = 25. Let y = t + 26. Is 319*(-1 + y - 1) a composite number?
True
Let r(n) = -n**3 - 19*n**2 - 40*n + 59. Is r(-20) a composite number?
False
Suppose 3*v - q + 4421 - 13233 = 0, 0 = -3*v + 4*q + 8797. Is v composite?
False
Suppose 3 = x + 4*w, 0*x - 5*w = -x - 24. Let z = x - -5. Is 5144/32 + (-1)/z composite?
True
Suppose 0 = l + 7*z - 11*z - 3373, 5*z - 6759 = -2*l. Is l a composite number?
True
Suppose 4*g + 5*u - 94972 - 4651 = 0, -2*g - u = -49813. Is g a composite number?
False
Is 4861*(-9 - -10)*1 a composite number?
False
Is (451/11)/(((-6)/46)/(-3)) a prime number?
False
Let q be -3 + 0 - 15/(-5). Suppose 4*h - 4114 + 366 = q. Let t = 1478 - h. Is t a composite number?
False
Let w(p) = 446*p**3 + p**2 - 14*p - 5. Is w(4) a prime number?
True
Let c = 695 - 458. Is c a prime number?
False
Suppose 2*l - 3*l + 3 = 0. Suppose 0*n + 10 = 5*n, l*k = -3*n - 9. Let h(z) = -4*z**3 + 4*z**2 - 6*z + 1. Is h(k) a prime number?
True
Is (-1832040)/(-70) + 5/(-1) a prime number?
False
Let m = -44 + 50. Suppose -m*u + 370 = -1136. Is u composite?
False
Let x(a) = a**3 + 6*a**2 + 5*a + 1. Let q be x(-5). Suppose 17 = 2*p + q. Suppose -j + p + 14 = 0. Is j composite?
True
Suppose 0 = 4*g - 4*a - 24, 2*g - 4*a = 3*g + 4. Let q(y) = -y**3 + 4*y**2 + y - 4. Let t be q(g). Let p = 19 - t. Is p a composite number?
False
Let w(t) = t**2 + 12*t + 5. Let k be w(-12). Suppose -4883 = -k*m - q + 3*q, 2*q = -3*m + 2933. Is m composite?
False
Let k be (0 + 1)/(2/50). Let v = 22 - k. Is 2*1 - 2229/v a composite number?
True
Let u = 25 + -475. Let f = u - -2219. Is f prime?
False
Suppose -4*k = 3890 - 13206. Is k a prime number?
False
Suppose 3*f - 4*g - 10 = 0, 2*f = -3*f + 5*g + 25. Let m be (-5)/25 + 732/f. Let i = 108 - m. Is i a prime number?
False
Suppose 0 = 4*b + 8, -w - 3*b + 1061 = -1266. Is w a prime number?
True
Let o(m) = m**2 - m + 5. Let r be 6/(-27) + (-6)/(-27). Let q be o(r). Suppose 8 = -2*p, -v + 5*v - q*p - 1836 = 0. Is v prime?
False
Let d(l) = -l**2 - 17*l. Let w be d(-11). Let o = -35 + w. Is o a composite number?
False
Let g = -75 - 49. Let a = 495 + g. Is a a prime number?
False
Suppose -6*m + 496161 = 149343. Is m a composite number?
False
Let f be 1 - (-1 - (-20 + 0)). Suppose -2*r + 168 = -4*z, 4*z = 5*r - r - 172. Let q = f - z. Is q a composite number?
False
Is -321*119/(-42)*2 composite?
True
Suppose 0 = -4*m + 8*m - 8. Suppose 2*w = c - 0*c + 399, 3*w - m*c = 599. Is w prime?
True
Suppose 0 = 4*u + u - 50. Let n = u - 12. Is (-3)/(n - (-753)/381) composite?
False
Let q = -15 - -17. Let k(x) = 38*x**3 - x**2 - 2*x + 1. Let f(g) = -77*g**3 + 2*g**2 + 4*g - 2. Let w(n) = 4*f(n) + 9*k(n). Is w(q) a prime number?
False
Suppose 3*v - 3*v = 4*v. Suppose v = i - 1, 0*i + 342 = 2*z + 4*i. Is z prime?
False
Let i(y) be the second derivative of 3/2*y**2 - 2*y + 4/3*y**3 + 0 + 5/12*y**4. Is i(-8) composite?
True
Let l = 19 + -14. Suppose -4*w + 2*z + 13 + 1 = 0, 0 = -2*w - l*z + 13. Suppose 3*s - w*a = 1877, 4*s - a - 2508 = 3*a. Is s prime?
True
Let q(m) = -m**3 + 4*m**2 + 7*m - 4. Let i be q(5). Let k(y) = -32*y - 13. Let o(r) = -31*r - 13. Let f(u) = 6*k(u) - 7*o(u). Is f(i) a composite number?
False
Suppose 228 = 2*r + u, -3*r + 3*u - 224 = -5*r. Suppose 0*q - 83 = -3*q - 4*o, -5*q + 5*o + r = 0. Suppose 102 + q = h. Is h a composite number?
False
Suppose m - 4*m - 15 = -5*x, -x + 4*m = -20. Suppose 4*d - 127 - 1913 = x. Let j = -361 + d. Is j a prime number?
True
Suppose 0 = 30*l + 29*l - 182959. Is l a composite number?
True
Suppose -c + 1420 = p + 332, -2*p = 4*c - 2166. Suppose -1396 = -2*l - 4*y, -3*l + 1001 = -5*y - p. Is l composite?
True
Let u(y) = -y**3 - 7*y**2 - 3*y - 16. Suppose -5*j = 25, -3*d + 2*j - 4*j = 31. Let h be u(d). Suppose -h*t = -8*t + 237. Is t prime?
True
Suppose p = -3*p + 8. Suppose 1908 = 5*r - p*r. Suppose 0 = -2*u + 6*u - r. Is u a prime number?
False
Suppose 2*y - 15236 = 5*f, -4*y - 3*f + 5999 = -24447. Is y composite?
True
Suppose 0 = -5*u + 3*t + 94330, -5*u + 18710 + 75645 = 2*t. Is u composite?
False
Let i(k) = -k**3 - 7*k**2 - 4*k + 9. Suppose 0*u + 3*u = 21. Suppose -2*y - u = -y. Is i(y) composite?
False
Let h(i) = 12*i. Let v = 20 + -21. Let t be h(v). Let w(b) = b**3 + 16*b**2 - 5*b - 5. Is w(t) a prime number?
True
Suppose 2*y - 5*d = 5424, d = 2*y - d - 5418. Is y composite?
False
Let f = -157 + 157. Let v(n) = -3*n + 373. Let b(j) = 10*j - 1119. Let o(k) = 2*b(k) + 7*v(k). Is o(f) prime?
True
Let x = 3333 - 2210. Is x composite?
False
Suppose 0*g - 5*g - 4*i = -46543, g - 9302 = -3*i. Is g composite?
False
Let j(n) be the first derivative of -n**4/4 + 8*n**3/3 - 9*n**2/2 + 16*n - 1. Let m be j(7). Suppose -4*y + 6*y = -4, 5*y = -m*d + 580. Is d prime?
False
Is (-15 - 1 - -1)*(-255693)/261 a prime number?
False
Suppose 4*f = 1 + 7, 0 = -r + f - 1. Let o be (-2 - r)*1220/12. Let s = 516 + o. Is s a composite number?
False
Let q(k) = -47*k - 31. Is q(-4) a composite number?
False
Let y = -11082 + 50075. Is y a prime number?
True
Suppose q - 300 = 2*y + 11157, 0 = -3*q + 5*y + 34374. Is q composite?
True
Let b(h) = -3*h + 1 + 2*h + 2 - 1. Let k be b